{"id":21,"date":"2016-02-24T23:49:41","date_gmt":"2016-02-24T21:49:41","guid":{"rendered":"http:\/\/globalindustriwelding.com\/?page_id=21"},"modified":"2020-03-02T15:42:03","modified_gmt":"2020-03-02T13:42:03","slug":"referencie","status":"publish","type":"page","link":"https:\/\/globalindustriwelding.com\/index.php\/referencie\/","title":{"rendered":"REFERENCIE"},"content":{"rendered":"<p>&nbsp;<\/p>\n<p style=\"padding-left: 40px; text-align: left;\">&nbsp; &nbsp; &nbsp; &nbsp; &nbsp; &nbsp; &nbsp; &nbsp; &nbsp; &nbsp; &nbsp; &nbsp; &nbsp; &nbsp; &nbsp; &nbsp; &nbsp; &nbsp; &nbsp; &nbsp; &nbsp; &nbsp; &nbsp; &nbsp; &nbsp; &nbsp; &nbsp; &nbsp; &nbsp; &nbsp;<img decoding=\"async\" loading=\"lazy\" class=\"alignnone size-medium wp-image-122\" src=\"https:\/\/globalindustriwelding.com\/wp-content\/uploads\/2016\/03\/pipes_fittings_big-300x197.jpg\" alt=\"Hlin\u00edkov\u00fd profil 1\" width=\"300\" height=\"197\" srcset=\"https:\/\/globalindustriwelding.com\/wp-content\/uploads\/2016\/03\/pipes_fittings_big-300x197.jpg 300w, https:\/\/globalindustriwelding.com\/wp-content\/uploads\/2016\/03\/pipes_fittings_big.jpg 700w\" sizes=\"(max-width: 300px) 100vw, 300px\" \/><\/p>\n<p style=\"text-align: justify;\">&nbsp;<\/p>\n<h3 style=\"text-align: justify;\"><span style=\"color: #000080;\"><strong>Nemecko &#8211; pivovary<\/strong>:<\/span><\/h3>\n<ul>\n<li style=\"text-align: justify;\">Paulanner &#8211; Mnichov<\/li>\n<li style=\"text-align: justify;\">Krombacher &#8211; Mnichov<\/li>\n<li style=\"text-align: justify;\">K\u00f6nigsoft &#8211; Krefeld<\/li>\n<li style=\"text-align: justify;\">Arberg USA- Berlin<\/li>\n<li style=\"text-align: justify;\">Kuchlbauer-Turm&nbsp;&#8211; Abensberg<\/li>\n<li>Cerealien Bischeim<\/li>\n<\/ul>\n<h3 style=\"text-align: justify;\"><span style=\"color: #000080;\"><strong>&nbsp;Nemecko &#8211; Mliek\u00e1rne<\/strong><\/span><\/h3>\n<ul>\n<li style=\"text-align: justify;\">M\u00fcller Milch- Leppersdorf<\/li>\n<li style=\"text-align: justify;\">Milei &#8211; Leutkirch<\/li>\n<li style=\"text-align: justify;\">Megle &#8211; Wasserburg in Am<\/li>\n<li style=\"text-align: justify;\">Tetra Pack &#8211; Kleve<\/li>\n<li>Cerealien Bischheim<\/li>\n<\/ul>\n<h3 style=\"text-align: justify;\"><span style=\"color: #000080;\"><strong>Energetika &#8211; spa\u013eovne, tepl\u00e1rne a papierensk\u00e9 fabriky<\/strong><\/span><\/h3>\n<h3 style=\"text-align: justify;\"><span style=\"color: #000080;\"><strong>&nbsp;\u0160 v e d s k o<\/strong><\/span><\/h3>\n<ul>\n<li style=\"text-align: justify;\">G\u00f6teborg<\/li>\n<li style=\"text-align: justify;\">Sundsvall<\/li>\n<li style=\"text-align: justify;\">Lulea-Pitea<\/li>\n<li style=\"text-align: justify;\">Vasteros<\/li>\n<li style=\"text-align: justify;\">Vastervik<\/li>\n<\/ul>\n<h3><strong style=\"color: #000080;\">&nbsp;N e m e c k o&nbsp;<\/strong><\/h3>\n<ul>\n<li style=\"text-align: justify;\">Salzgitter Deutschland<\/li>\n<li style=\"text-align: justify;\">Magdeburg Datacentrum Deutsche Telekom<\/li>\n<li style=\"text-align: justify;\">H\u00f6xter-Albaster &#8211; bioplynov\u00e1 stanica<\/li>\n<\/ul>\n<h3><strong style=\"color: #000080;\">H o l a n d s k o&nbsp;<\/strong><\/h3>\n<ul>\n<li style=\"text-align: justify;\">TATA Steel &#8211; Nederland<\/li>\n<\/ul>\n<h3><strong><span style=\"color: #000080;\">N \u00f3 r s k o<\/span><\/strong><\/h3>\n<p>&nbsp; &nbsp; &nbsp; &nbsp; &nbsp;Finnfjord AS &#8211; Tromso<\/p>\n<h2>&nbsp;<\/h2>\n<h2>R e a l i z o v a n \u00e9&nbsp; &nbsp;p r o j e k t y&nbsp; &nbsp;2 0 1 8&nbsp;&nbsp;<\/h2>\n<h3 style=\"text-align: justify;\"><span style=\"color: #000080;\"><strong>Nemecko &#8211; Mliek\u00e1rne<\/strong><\/span><\/h3>\n<ul>\n<li>Cerealien Bischheim<\/li>\n<li>Hamburg Dresdener \u2013 Dresden<\/li>\n<\/ul>\n<h3><strong style=\"color: #000080; text-align: justify;\">Energetika &#8211; spa\u013eovne, tepl\u00e1rne a papierensk\u00e9 fabriky a <\/strong><strong style=\"color: #000080; text-align: justify;\">bioplynov\u00e9 stanice<\/strong><\/h3>\n<h3><strong><span style=\"color: #000080;\">&nbsp;N e m e c k o&nbsp;<\/span><\/strong><\/h3>\n<ul>\n<li>Bioplynov\u00e1 stanica \u2013 Uthleben<\/li>\n<li>Uniklinic GSK &#8211; Dresden&nbsp;<\/li>\n<li>Holzindustrie&nbsp;Schweighofer &#8211; Kodersdor<\/li>\n<li>Deutsche Bahn &#8211; Frankfurt nad Mohanom<\/li>\n<\/ul>\n<h3><span style=\"color: #000080;\">&nbsp;<strong>A n g l i c k o&nbsp;<\/strong><\/span>&nbsp;<\/h3>\n<ul>\n<li>Scunthorpe&nbsp;<\/li>\n<\/ul>\n<h3><strong><span style=\"color: #000080;\">&nbsp;N \u00f3 r s k o<\/span><\/strong><\/h3>\n<ul>\n<li>Finnfjord AS &#8211; Tromso<\/li>\n<\/ul>\n<p>&nbsp;<\/p>\n<h2>V \u00fd b e r&nbsp; &nbsp;r e a l i z o v a n \u00fd ch&nbsp; &nbsp; p r o j e k t o v&nbsp;<\/h2>\n<h2>z a&nbsp; r o k&nbsp; 2 0 1 9<\/h2>\n<h3><strong><span style=\"color: #000080;\">&nbsp;N e m e c k o<\/span><\/strong><\/h3>\n<ul>\n<li>Mliek\u00e1re\u0148 &#8211; DNK Georgsmarienh\u00fctte&nbsp;<\/li>\n<li>Coca Cola &#8211; Billerbeck<\/li>\n<li>Krafwerk Schwedt Berl\u00edn<\/li>\n<li>Mliek\u00e1re\u0148 &#8211; Topfer &#8211; Kempten<\/li>\n<li>Mliek\u00e1re\u0148 &#8211; Allg\u00e4uer Hof Milch &#8211; Allg\u00e4u Sondhofen<\/li>\n<li>BEW &#8211; Krefeld<\/li>\n<li>Metalltechnik &#8211; Verden<\/li>\n<li>Coca Cola &#8211; Magdeburg<\/li>\n<\/ul>\n<h3><strong><span style=\"color: #000080;\">&nbsp;N \u00f3 r s k o<\/span><\/strong><\/h3>\n<p>BEW &#8211; Norway<\/p>\n<h3><strong style=\"color: #000080;\">H o l a n d s k o&nbsp;<\/strong><\/h3>\n<p>BEW &#8211; Niederlanden<\/p>\n<p>&nbsp;<\/p>\n<p>&nbsp;<\/p>\n<p><img decoding=\"async\" loading=\"lazy\" class=\"wp-image-515 alignright\" src=\"https:\/\/globalindustriwelding.com\/wp-content\/uploads\/2020\/03\/industry-2438842_1280-300x214.jpg\" alt=\"\" width=\"395\" height=\"282\" srcset=\"https:\/\/globalindustriwelding.com\/wp-content\/uploads\/2020\/03\/industry-2438842_1280-300x214.jpg 300w, https:\/\/globalindustriwelding.com\/wp-content\/uploads\/2020\/03\/industry-2438842_1280-1024x729.jpg 1024w, https:\/\/globalindustriwelding.com\/wp-content\/uploads\/2020\/03\/industry-2438842_1280-768x547.jpg 768w, https:\/\/globalindustriwelding.com\/wp-content\/uploads\/2020\/03\/industry-2438842_1280.jpg 1280w\" sizes=\"(max-width: 395px) 100vw, 395px\" \/><\/p>\n<p>&nbsp;<\/p>\n<p>&nbsp;<\/p>\n<p>&nbsp;<\/p>\n<p>&nbsp;<\/p>\n<p>&nbsp;<\/p>\n<p>&nbsp;<\/p>\n<p style=\"text-align: justify;\">&nbsp;<\/p>\n<p style=\"text-align: justify;\">&nbsp;<\/p>\n<p style=\"text-align: justify;\">&nbsp;<\/p>\n<p style=\"text-align: justify;\">&nbsp;<\/p>\n<p style=\"text-align: justify;\">&nbsp;<\/p>\n<p style=\"text-align: justify;\">&nbsp;<\/p>\n<p style=\"text-align: justify;\">&nbsp;<\/p>\n","protected":false},"excerpt":{"rendered":"<p>&nbsp; &nbsp; &nbsp; &nbsp; &nbsp; &nbsp; &nbsp; &nbsp; &nbsp; &nbsp; &nbsp; &nbsp; &nbsp; &nbsp; &nbsp; &nbsp; &nbsp; &nbsp; &nbsp; &nbsp; &nbsp; &nbsp; &nbsp; &nbsp; &nbsp; &nbsp; &nbsp; &nbsp; &nbsp; &nbsp; &nbsp; &nbsp; Nemecko &#8211; pivovary: Paulanner &#8211; Mnichov Krombacher &#8211; Mnichov K\u00f6nigsoft &#8211; Krefeld Arberg USA- Berlin Kuchlbauer-Turm&nbsp;&#8211; Abensberg Cerealien Bischeim &nbsp;Nemecko &#8211; Mliek\u00e1rne M\u00fcller [&hellip;]<\/p>\n","protected":false},"author":1026,"featured_media":0,"parent":0,"menu_order":0,"comment_status":"closed","ping_status":"closed","template":"","meta":{"ngg_post_thumbnail":0},"_links":{"self":[{"href":"https:\/\/globalindustriwelding.com\/index.php\/wp-json\/wp\/v2\/pages\/21"}],"collection":[{"href":"https:\/\/globalindustriwelding.com\/index.php\/wp-json\/wp\/v2\/pages"}],"about":[{"href":"https:\/\/globalindustriwelding.com\/index.php\/wp-json\/wp\/v2\/types\/page"}],"author":[{"embeddable":true,"href":"https:\/\/globalindustriwelding.com\/index.php\/wp-json\/wp\/v2\/users\/1026"}],"replies":[{"embeddable":true,"href":"https:\/\/globalindustriwelding.com\/index.php\/wp-json\/wp\/v2\/comments?post=21"}],"version-history":[{"count":33,"href":"https:\/\/globalindustriwelding.com\/index.php\/wp-json\/wp\/v2\/pages\/21\/revisions"}],"predecessor-version":[{"id":525,"href":"https:\/\/globalindustriwelding.com\/index.php\/wp-json\/wp\/v2\/pages\/21\/revisions\/525"}],"wp:attachment":[{"href":"https:\/\/globalindustriwelding.com\/index.php\/wp-json\/wp\/v2\/media?parent=21"}],"curies":[{"name":"wp","href":"https:\/\/api.w.org\/{rel}","templated":true}]}}